. Calculate the highest common divisor of l and 23.
23
Let c = -113 - -118. Let w be 1/2 + 27/(-6)*-1. Calculate the greatest common divisor of w and c.
5
Let b(o) = 122*o + 502. Let s be b(-4). What is the highest common divisor of s and 16?
2
Let h(z) = -z - 1. Let c be h(7). Let m be (-2)/c + 1425/12. Let s be ((-35)/2)/((-1370)/548). Calculate the greatest common divisor of m and s.
7
Suppose 902*v - 48801 - 31407 = 972. Let i be -1 - ((-2)/(-1) + -57). What is the highest common divisor of v and i?
18
Let o be ((-128)/(-768))/(2/132). Calculate the highest common divisor of 19679 and o.
11
Let c = -5871 - -6190. Calculate the highest common factor of 783 and c.
29
Let m be 72*(-21)/(-3)*10. What is the greatest common divisor of 48 and m?
48
Let c(m) = -m**2 + 16*m - 38. Let n = -213 - -225. Let v be c(n). Calculate the highest common factor of v and 50.
10
Let x be ((-13)/(-5) - 1)*(-14170)/(-11336). What is the highest common factor of 5452 and x?
2
Let o(n) = -4*n**2 + 313*n - 971. Let g be o(75). What is the greatest common divisor of 7444 and g?
4
Let w be (-39 + -2)*-1 - -2. Let v = 109 - 76. Let m = w - v. Calculate the highest common factor of m and 15.
5
Let r(m) = 94*m**2 - 9*m - 14. Let f be r(-2). Let w be 19 + (0 - -2) - 1. Calculate the highest common divisor of f and w.
20
Suppose 381*n - 404 = -2*t + 379*n, 3*t = -5*n + 600. What is the greatest common factor of t and 35?
5
Suppose -54 + 998 = 33*h - 4006. Calculate the highest common divisor of 370 and h.
10
Suppose 0 = -154*d + 81*d + 4015. Let j = -1883 - -2763. What is the greatest common divisor of d and j?
55
Let l(y) = y**2 - 288*y + 2325. Let z be l(8). Calculate the highest common factor of 22865 and z.
85
Let z(a) = a**3 + 13*a**2 + 9*a + 13. Let j be z(-8). Suppose -j = -15*c - 51. What is the greatest common factor of c and 10?
2
Let o be 142 - -16 - 15/(-3). Suppose 153*x = o*x - 150. Let l = -33 - -138. Calculate the greatest common factor of x and l.
15
Let d(q) = 45*q**2 - 165*q - 673. Let o be d(-4). What is the highest common factor of 175 and o?
7
Let p be 1*(-1 + 0) - -4. Suppose 10 = -p*z - 38. Let k = 12 - z. Calculate the greatest common factor of k and 4.
4
Let i be ((-126)/24)/(9/1248*-2). What is the greatest common factor of i and 117?
13
Suppose -2*w + 4*w = 12. Let h(g) = 2 + 6*g + 7*g + 7 + 6 - 8*g. Let s be h(w). What is the highest common divisor of 9 and s?
9
Suppose -7*l - 12*l = -57. Suppose 4*b - 20 = 5*u, -4*u + b - 4 - 12 = 0. Let q be 11 - (l + -6 - u). Calculate the highest common divisor of q and 2.
2
Suppose -3*i = 4*a - 4, -2*i = -0*i + a - 6. Suppose 4*r + 4*o + 25 = 5*r, 3*o + 35 = i*r. What is the greatest common divisor of 50 and r?
5
Suppose 5*s + 4*i - 1 = 7*i, 7 = 5*s - i. Suppose -384 = s*w - 6*w. Suppose -3*z = -9*z + 72. Calculate the highest common divisor of w and z.
12
Let p be 1071/476*16/6. What is the greatest common divisor of p and 4530?
6
Suppose 6*f - 4*f + 101 = i, 2*f = -10. Calculate the highest common divisor of 15106 and i.
91
Let k(b) = -b**3 + 9*b**2 - 12*b - 22. Let f be k(6). Calculate the greatest common divisor of f and 1316.
14
Let j = -744 - -747. Let v be ((-1581)/(-8))/j - 72/(-576). Calculate the highest common factor of v and 330.
66
Let d(x) = 4*x**2 + 5*x + 1. Let h be d(4). Let b be ((-34)/(-8))/(17/68). What is the highest common divisor of b and h?
17
Suppose -5*r + 254 = -j, -4*r + 6*j - j + 220 = 0. Let m = -188 + 188. Suppose m = 189*o - 195*o + 60. What is the highest common factor of o and r?
10
Suppose 781 + 399 = 3*n + 214. What is the highest common divisor of 736 and n?
46
Suppose 4*z - 742 = 3*f, -3*z - 8*f + 567 = -12*f. What is the greatest common factor of z and 3?
1
Suppose -3*g - 51 = -3*k, -5*k - 3*g + 31 = -14. Suppose -m + k = m. Suppose -14 = -m*q + 16. Calculate the highest common divisor of q and 2.
1
Let d = 2 + -11. Let m be (-12)/18 - 249/d. What is the highest common factor of 63 and m?
9
Suppose -7 = 6*b - 1. Let o be b*((-1880)/30 + (-1)/3). Let n be 7*((0 - 3) + 4). Calculate the highest common factor of o and n.
7
Let r = 93 + -88. Suppose 0 = -3*v + 6*v + r*z - 28, 0 = 4*z + 16. What is the highest common divisor of 272 and v?
16
Suppose b + v = 43, 228*b - 229*b + 48 = -4*v. Calculate the highest common divisor of b and 1595.
11
Let y = 3469 - 3455. What is the greatest common divisor of y and 4?
2
Suppose -387 = 2*h - 3*h. Let y(r) = 7598*r + 53195. Let t be y(-7). Calculate the greatest common divisor of t and h.
9
Let g(l) = -2057*l + 43072. Let b be g(0). Calculate the highest common divisor of 64 and b.
64
Let m(h) = -28*h - 93. Let d be m(6). Let i = d - -783. What is the greatest common factor of i and 18?
18
Let l be (2*-51)/(1 + (-26)/20). Suppose -2*a = -4*s + 544, -4*a - 748 - l = s. Let t = -164 - a. Calculate the highest common divisor of t and 27.
27
Suppose 3*n = -3*w + 27, -13*w = -n - 10*w + 25. Suppose n*q = -425 + 451. What is the greatest common factor of q and 26?
2
Let k be -5*(376/(-6) + 42/(-18)). What is the highest common factor of 4160 and k?
65
Let v(w) = 9*w - 83. Let x be v(9). Let c be (-267)/x*1*(-8)/(-12). Let g = -87 + c. Calculate the greatest common factor of 1 and g.
1
Let b = 193 + -191. Suppose -15 = -5*v, -6*y + 2 = -5*y - b*v. What is the greatest common factor of 8 and y?
8
Let s be 12 - (-14 - -13)*2. Calculate the highest common factor of s and 4438.
14
Let k be 30/(-8)*(43 + (-4575)/45). Calculate the greatest common factor of 17930 and k.
110
Let y = 299 + -307. Let n be (-3126)/y - (-103)/412. Calculate the highest common divisor of 17 and n.
17
Let a be -1*(-18 - -15)/(-3)*(-1098)/2. Calculate the greatest common factor of 387 and a.
9
Let g be ((-20)/(-6))/((-6)/(-27)). Let f be ((-15)/(-45))/((-36)/(-45) + (-861)/1080). Calculate the greatest common divisor of g and f.
15
Suppose -5*u = -2*o - 112, -7*o = -6*u - 2*o + 137. What is the highest common divisor of 10142 and u?
22
Let h be (-2)/5 + 38/(-5). Let b(r) = 7*r + 12 + 2*r**2 - 10*r + 10*r. Let i be b(h). Calculate the highest common divisor of 126 and i.
42
Suppose -g = n - 5, -145*n + 4*g + 34 = -140*n. Let a = -36 - -86. What is the highest common divisor of n and a?
2
Suppose 3*d = 2*t - 29, 5*t = 7*t - 2*d - 28. Let a be (-5)/(5/t)*-1. Calculate the greatest common divisor of 299 and a.
13
Let b = 18 - 10. Suppose -7*m + 32 = 5*c, -3*c - 20*m = -23*m - 48. What is the greatest common factor of b and c?
4
Let s(l) = 2*l**3 - 5*l**2 + 5*l - 20. Suppose 8*o - 65 + 25 = 0. Let g be s(o). Calculate the greatest common divisor of g and 52.
26
Let b be (274/3)/(6/9). Suppose -12 = 5*s - b. Let j be (-95 - -81)/(21/(-30)) + 5. Calculate the greatest common factor of j and s.
25
Suppose -3*s - 30 = -5*p - 26, 5*p = 4*s + 2. Suppose 0*z + s*w - 64 = -2*z, -2*z + 4*w + 88 = 0. Calculate the greatest common divisor of 84 and z.
12
Suppose -3*q + 17 = 2*l, l = 5*q - 6 - 44. Suppose -5*x = -6*x + 63. What is the greatest common divisor of q and x?
9
Let y be -1*(4 + (-4 - 2)). Suppose y*l = 23 + 33. Suppose 0 = 2*a - 4*a + l. What is the highest common factor of 112 and a?
14
Let d = -138 + 136. Let o = d + 9. What is the highest common factor of 21 and o?
7
Let q be ((-256)/48)/((-28)/63). Calculate the highest common factor of 54 and q.
6
Let i(k) = -23*k + 6. Let u be i(0). Suppose 2*p - u*p = 3*v + 1, -5*v = p + 13. Calculate the highest common factor of 6 and p.
2
Suppose 0 = -73600*o + 73592*o + 448. Calculate the greatest common factor of 301 and o.
7
Suppose p + 5*q = 8, 2*p + 2*q - 28 = 20. Let z be (-10 + 1036/98)/(1/7). What is the highest common factor of z and p?
4
Let h be 3*((-16)/(-6) + -2). Suppose h = 2*x - 2, 4*c + 4*x - 64 = 0. Calculate the greatest common factor of 126 and c.
14
Let q(r) = 170*r - 143*r - 35 - 78*r. Let j be q(-7). What is the highest common divisor of j and 23?
23
Suppose 36 = m - 60. Suppose 33*j = 812 + 244. Calculate the highest common factor of m and j.
32
Suppose s + 7 = 3*f - 5, 3*f = 5*s + 12. Let i be (44/12)/(f/12). Calculate the greatest common factor of i and 209.
11
Let k(j) = j + 23. Let w be k(14). Let n = 64 - w. Let u be 53/3 - 1/(-3). Calculate the greatest common factor of n and u.
9
Suppose 1 = k, -c 